{"id":17,"date":"2026-03-04T10:22:52","date_gmt":"2026-03-04T09:22:52","guid":{"rendered":"https:\/\/hobbyminiatures.com\/wp\/?page_id=17"},"modified":"2026-03-13T17:52:56","modified_gmt":"2026-03-13T16:52:56","slug":"17-2","status":"publish","type":"page","link":"https:\/\/hobbyminiatures.com\/","title":{"rendered":"Qu\u00e9 puedes hacer en Hobby Miniatures"},"content":{"rendered":"\n<div class=\"wp-block-group alignfull has-base-2-color has-contrast-background-color has-text-color has-background has-link-color wp-elements-b73fe81a6323b3cfa4ba24d41b7cf075 has-global-padding is-layout-constrained wp-container-core-group-is-layout-812b6e89 wp-block-group-is-layout-constrained\" style=\"min-height:400px;margin-top:0;margin-bottom:0;padding-top:120px;padding-bottom:120px;background-image:url(&apos;https:\/\/hobbyminiatures.com\/wp\/wp-content\/uploads\/2026\/03\/1-3.png&apos;);background-size:cover;\">\n<h1 class=\"wp-block-heading has-text-align-center has-base-color has-text-color has-link-color wp-elements-c72650efad37fb543af835a9c2f45bc4\" style=\"font-size:clamp(32.518px, 2.032rem + ((1vw - 3.2px) * 2.654), 58px);\"><strong>Hobby Miniatures<\/strong><\/h1>\n\n\n\n<p class=\"has-text-align-center\" style=\"margin-top:28px;margin-bottom:28px;font-size:clamp(14px, 0.875rem + ((1vw - 3.2px) * 0.417), 18px);\">Tienda, juego y comunidad en Reus<\/p>\n\n\n\n<p class=\"has-text-align-center\" style=\"margin-top:0px;margin-right:var(--wp--preset--spacing--10);margin-bottom:0px;margin-left:var(--wp--preset--spacing--10);font-size:clamp(14px, 0.875rem + ((1vw - 3.2px) * 0.208), 16px);\">\ud83d\udd0eExplora nuestra web<br><\/p>\n\n\n\n<div class=\"wp-block-buttons is-horizontal is-content-justification-center is-layout-flex wp-container-core-buttons-is-layout-ecd33c62 wp-block-buttons-is-layout-flex\">\n<div class=\"wp-block-button has-custom-width wp-block-button__width-50 is-style-outline is-style-outline--1\"><a class=\"wp-block-button__link has-base-2-color has-text-color has-background has-link-color has-border-color has-base-2-border-color has-large-font-size has-custom-font-size wp-element-button\" href=\"https:\/\/hobbyminiatures.com\/reservas\/\" style=\"border-width:1px;border-top-left-radius:20px;border-top-right-radius:20px;border-bottom-left-radius:20px;border-bottom-right-radius:20px;background:linear-gradient(188deg,rgb(238,151,125) 0%,rgb(234,58,0) 100%);padding-top:8px;padding-right:20px;padding-bottom:8px;padding-left:20px\">\ud83c\udfb2 <strong>Reservar mesa<\/strong><\/a><\/div>\n<\/div>\n<\/div>\n\n\n\n<div class=\"wp-block-group alignfull has-base-2-color has-contrast-background-color has-text-color has-background has-link-color wp-elements-e36868d448fbb68f30051742dc17eff0 is-layout-flow wp-container-core-group-is-layout-4aa08d07 wp-block-group-is-layout-flow\" style=\"border-style:none;border-width:0px;border-top-left-radius:0px;border-top-right-radius:0px;border-bottom-left-radius:0px;border-bottom-right-radius:0px;padding-right:20px;padding-left:20px\"><h2 style=\"padding-right:0;padding-left:0;padding-top:36px;padding-bottom:36px;margin-right:0;margin-left:0;margin-top:0;margin-bottom:0;\" class=\"has-text-align-center has-link-color wp-elements-c0da1988d56190129ed41ce150d2c510 wp-block-post-title has-text-color has-base-2-color has-background has-contrast-background-color has-large-font-size\">Qu\u00e9 puedes hacer en Hobby Miniatures<\/h2>\n\n\n<div class=\"wp-block-group is-layout-flow wp-block-group-is-layout-flow\">\n<div class=\"wp-block-columns is-layout-flex wp-container-core-columns-is-layout-8aa8ef77 wp-block-columns-is-layout-flex\" style=\"margin-top:0;margin-bottom:0;padding-top:0px;padding-right:0;padding-bottom:0px;padding-left:0\">\n<div class=\"wp-block-column has-contrast-background-color has-background is-layout-flow wp-container-core-column-is-layout-2dc3bc86 wp-block-column-is-layout-flow\" style=\"padding-top:30px;padding-bottom:30px\">\n<div class=\"wp-block-group has-background has-global-padding is-layout-constrained wp-block-group-is-layout-constrained\" style=\"border-top-left-radius:10px;border-top-right-radius:10px;border-bottom-left-radius:10px;border-bottom-right-radius:10px;background-color:#222222;min-height:160px\">\n<p class=\"has-text-align-center\" style=\"font-size:clamp(24.034px, 1.502rem + ((1vw - 3.2px) * 1.663), 40px);\">\ud83d\uded2<\/p>\n\n\n\n<p class=\"has-text-align-center\" style=\"font-size:clamp(14px, 0.875rem + ((1vw - 3.2px) * 0.417), 18px);\"><strong>Tienda<\/strong><\/p>\n\n\n\n<p class=\"has-text-align-center has-small-font-size\">Miniaturas, pinturas, maquetas y juegos de tablero<\/p>\n<\/div>\n<\/div>\n\n\n\n<div class=\"wp-block-column is-layout-flow wp-container-core-column-is-layout-2dc3bc86 wp-block-column-is-layout-flow\" style=\"padding-top:30px;padding-bottom:30px\">\n<div class=\"wp-block-group has-background has-global-padding is-layout-constrained wp-block-group-is-layout-constrained\" style=\"border-top-left-radius:10px;border-top-right-radius:10px;border-bottom-left-radius:10px;border-bottom-right-radius:10px;background-color:#222222;min-height:160px\">\n<p class=\"has-text-align-center\" style=\"font-size:clamp(24.034px, 1.502rem + ((1vw - 3.2px) * 1.663), 40px);\">\ud83c\udfa8<\/p>\n\n\n\n<p class=\"has-text-align-center\" style=\"font-size:clamp(14px, 0.875rem + ((1vw - 3.2px) * 0.417), 18px);\"><strong>Pintura de Miniaturas<\/strong><\/p>\n\n\n\n<p class=\"has-text-align-center has-small-font-size\">Mesas de pintura y comunidad<br>para mejorar tu hobby.<\/p>\n<\/div>\n<\/div>\n\n\n\n<div class=\"wp-block-column is-layout-flow wp-container-core-column-is-layout-2dc3bc86 wp-block-column-is-layout-flow\" style=\"padding-top:30px;padding-bottom:30px\">\n<div class=\"wp-block-group has-background has-global-padding is-layout-constrained wp-block-group-is-layout-constrained\" style=\"border-top-left-radius:10px;border-top-right-radius:10px;border-bottom-left-radius:10px;border-bottom-right-radius:10px;background-color:#222222;min-height:160px\">\n<p class=\"has-text-align-center\" style=\"font-size:clamp(24.034px, 1.502rem + ((1vw - 3.2px) * 1.663), 40px);\">\ud83d\udda8\ufe0f<\/p>\n\n\n\n<p class=\"has-text-align-center\" style=\"font-size:clamp(14px, 0.875rem + ((1vw - 3.2px) * 0.417), 18px);\"><strong>Impresi\u00f3n 3D<\/strong><\/p>\n\n\n\n<p class=\"has-text-align-center has-small-font-size\">Servicio de impresi\u00f3n<\/p>\n<\/div>\n<\/div>\n\n\n\n<div class=\"wp-block-column is-layout-flow wp-container-core-column-is-layout-2dc3bc86 wp-block-column-is-layout-flow\" style=\"padding-top:30px;padding-bottom:30px\">\n<div class=\"wp-block-group has-background has-global-padding is-layout-constrained wp-container-core-group-is-layout-19e250f3 wp-block-group-is-layout-constrained\" style=\"border-top-left-radius:10px;border-top-right-radius:10px;border-bottom-left-radius:10px;border-bottom-right-radius:10px;background-color:#222222;min-height:160px\">\n<p class=\"has-text-align-center\" style=\"font-size:clamp(24.034px, 1.502rem + ((1vw - 3.2px) * 1.663), 40px);\">\ud83c\udfb2<\/p>\n\n\n\n<p class=\"has-text-align-center\" style=\"font-size:clamp(14px, 0.875rem + ((1vw - 3.2px) * 0.417), 18px);\"><strong>Jugar<\/strong><\/p>\n\n\n\n<p class=\"has-text-align-center has-small-font-size\">Reserva y juega a tus juegos favoritos<\/p>\n<\/div>\n<\/div>\n<\/div>\n<\/div>\n<\/div>\n\n\n\n<hr class=\"wp-block-separator alignfull has-text-color has-alpha-channel-opacity has-background is-style-default\" style=\"margin-top:0px;margin-bottom:0px;background-color:#222222;color:#222222\"\/>\n\n\n\n<div class=\"wp-block-query alignfull is-layout-flow wp-block-query-is-layout-flow\">\n\n\n<div class=\"wp-block-group has-base-2-color has-contrast-background-color has-text-color has-background has-link-color wp-elements-83c917fb0bea2d709deed656611c4954 is-layout-flow wp-block-group-is-layout-flow\" style=\"margin-top:0;margin-bottom:0;padding-top:var(--wp--preset--spacing--10);padding-right:20px;padding-bottom:var(--wp--preset--spacing--10);padding-left:20px\"><ul class=\"columns-3 alignfull wp-block-post-template is-layout-grid wp-container-core-post-template-is-layout-2d080239 wp-block-post-template-is-layout-grid\"><li class=\"wp-block-post post-425 post type-post status-publish format-standard has-post-thumbnail hentry category-uncategorized\">\n<figure style=\"aspect-ratio:16\/9; padding-bottom:var(--wp--preset--spacing--20);margin-bottom:0;\" class=\"wp-block-post-featured-image\"><a href=\"https:\/\/hobbyminiatures.com\/index.php\/2026\/04\/02\/cerramos-por-semana-santa\/\" target=\"_self\"  ><img loading=\"lazy\" decoding=\"async\" width=\"1536\" height=\"1024\" src=\"https:\/\/hobbyminiatures.com\/wp\/wp-content\/uploads\/2026\/04\/semana.png\" class=\"attachment-post-thumbnail size-post-thumbnail wp-post-image\" alt=\"Cerramos por Semana Santa\" style=\"width:100%;height:100%;object-fit:cover;\" srcset=\"https:\/\/hobbyminiatures.com\/wp\/wp-content\/uploads\/2026\/04\/semana.png 1536w, https:\/\/hobbyminiatures.com\/wp\/wp-content\/uploads\/2026\/04\/semana-300x200.png 300w, https:\/\/hobbyminiatures.com\/wp\/wp-content\/uploads\/2026\/04\/semana-1024x683.png 1024w, https:\/\/hobbyminiatures.com\/wp\/wp-content\/uploads\/2026\/04\/semana-768x512.png 768w\" sizes=\"auto, (max-width: 1536px) 100vw, 1536px\" \/><\/a><\/figure>\n\n\n<div class=\"wp-block-group is-vertical is-nowrap is-layout-flex wp-container-core-group-is-layout-97ba36a5 wp-block-group-is-layout-flex\" style=\"margin-top:var(--wp--preset--spacing--20);padding-top:0\"><h2 class=\"wp-block-post-title has-large-font-size wp-container-content-32e3a40d\"><a href=\"https:\/\/hobbyminiatures.com\/index.php\/2026\/04\/02\/cerramos-por-semana-santa\/\" target=\"_self\" >Cerramos por Semana Santa<\/a><\/h2>\n\n<div class=\"wp-block-template-part\">\n\n<div class=\"wp-block-group has-global-padding is-layout-constrained wp-block-group-is-layout-constrained\">\n\t\n\t<div class=\"wp-block-group is-content-justification-left is-layout-flex wp-container-core-group-is-layout-dfe8e91f wp-block-group-is-layout-flex\">\n\t\t<div class=\"wp-block-post-date\"><time datetime=\"2026-04-02T11:36:23+01:00\"><a href=\"https:\/\/hobbyminiatures.com\/index.php\/2026\/04\/02\/cerramos-por-semana-santa\/\">Abr 2, 2026<\/a><\/time><\/div>\n\n\t\t\n\t\t<p class=\"has-contrast-2-color has-text-color\">\u2014<\/p>\n\t\t\n\n\t\t\n\t\t<p class=\"has-small-font-size has-contrast-2-color has-text-color\">por<\/p>\n\t\t\n\n\t\t<div class=\"wp-block-post-author-name\"><a href=\"https:\/\/hobbyminiatures.com\/index.php\/author\/angelaq\/\" target=\"_self\" class=\"wp-block-post-author-name__link\">AngelAQ<\/a><\/div>\n\n\t\t<div class=\"taxonomy-category wp-block-post-terms\"><span class=\"wp-block-post-terms__prefix\">en <\/span><a href=\"https:\/\/hobbyminiatures.com\/index.php\/category\/uncategorized\/\" rel=\"tag\">Uncategorized<\/a><\/div>\n\n\t<\/div>\n\t\n<\/div>\n\n\n<\/div>\n\n<div class=\"wp-block-post-excerpt has-text-color has-contrast-2-color has-small-font-size wp-container-content-32e3a40d\"><p class=\"wp-block-post-excerpt__excerpt\">Este s\u00e1bado 4 la tienda permanecer\u00e1 cerrada por Semana Santa.&hellip; <\/p><\/div>\n\n\n<div style=\"height:0px\" aria-hidden=\"true\" class=\"wp-block-spacer wp-container-content-32e3a40d\"><\/div>\n<\/div>\n\n<\/li><li class=\"wp-block-post post-421 post type-post status-publish format-standard has-post-thumbnail hentry category-eventos category-torneo\">\n<figure style=\"aspect-ratio:16\/9; padding-bottom:var(--wp--preset--spacing--20);margin-bottom:0;\" class=\"wp-block-post-featured-image\"><a href=\"https:\/\/hobbyminiatures.com\/index.php\/2026\/03\/30\/torneo-kill-team-18-de-abril-en-hobby-miniatures\/\" target=\"_self\"  ><img loading=\"lazy\" decoding=\"async\" width=\"1536\" height=\"1024\" src=\"https:\/\/hobbyminiatures.com\/wp\/wp-content\/uploads\/2026\/03\/killteamtorneo.png\" class=\"attachment-post-thumbnail size-post-thumbnail wp-post-image\" alt=\"Torneo Kill Team \u2013 18 de abril en Hobby Miniatures\" style=\"width:100%;height:100%;object-fit:cover;\" srcset=\"https:\/\/hobbyminiatures.com\/wp\/wp-content\/uploads\/2026\/03\/killteamtorneo.png 1536w, https:\/\/hobbyminiatures.com\/wp\/wp-content\/uploads\/2026\/03\/killteamtorneo-300x200.png 300w, https:\/\/hobbyminiatures.com\/wp\/wp-content\/uploads\/2026\/03\/killteamtorneo-1024x683.png 1024w, https:\/\/hobbyminiatures.com\/wp\/wp-content\/uploads\/2026\/03\/killteamtorneo-768x512.png 768w\" sizes=\"auto, (max-width: 1536px) 100vw, 1536px\" \/><\/a><\/figure>\n\n\n<div class=\"wp-block-group is-vertical is-nowrap is-layout-flex wp-container-core-group-is-layout-97ba36a5 wp-block-group-is-layout-flex\" style=\"margin-top:var(--wp--preset--spacing--20);padding-top:0\"><h2 class=\"wp-block-post-title has-large-font-size wp-container-content-32e3a40d\"><a href=\"https:\/\/hobbyminiatures.com\/index.php\/2026\/03\/30\/torneo-kill-team-18-de-abril-en-hobby-miniatures\/\" target=\"_self\" >Torneo Kill Team \u2013 18 de abril en Hobby Miniatures<\/a><\/h2>\n\n<div class=\"wp-block-template-part\">\n\n<div class=\"wp-block-group has-global-padding is-layout-constrained wp-block-group-is-layout-constrained\">\n\t\n\t<div class=\"wp-block-group is-content-justification-left is-layout-flex wp-container-core-group-is-layout-dfe8e91f wp-block-group-is-layout-flex\">\n\t\t<div class=\"wp-block-post-date\"><time datetime=\"2026-03-30T17:59:16+01:00\"><a href=\"https:\/\/hobbyminiatures.com\/index.php\/2026\/03\/30\/torneo-kill-team-18-de-abril-en-hobby-miniatures\/\">Mar 30, 2026<\/a><\/time><\/div>\n\n\t\t\n\t\t<p class=\"has-contrast-2-color has-text-color\">\u2014<\/p>\n\t\t\n\n\t\t\n\t\t<p class=\"has-small-font-size has-contrast-2-color has-text-color\">por<\/p>\n\t\t\n\n\t\t<div class=\"wp-block-post-author-name\"><a href=\"https:\/\/hobbyminiatures.com\/index.php\/author\/angelaq\/\" target=\"_self\" class=\"wp-block-post-author-name__link\">AngelAQ<\/a><\/div>\n\n\t\t<div class=\"taxonomy-category wp-block-post-terms\"><span class=\"wp-block-post-terms__prefix\">en <\/span><a href=\"https:\/\/hobbyminiatures.com\/index.php\/category\/eventos\/\" rel=\"tag\">Eventos<\/a><span class=\"wp-block-post-terms__separator\">, <\/span><a href=\"https:\/\/hobbyminiatures.com\/index.php\/category\/eventos\/torneo\/\" rel=\"tag\">Torneos<\/a><\/div>\n\n\t<\/div>\n\t\n<\/div>\n\n\n<\/div>\n\n<div class=\"wp-block-post-excerpt has-text-color has-contrast-2-color has-small-font-size wp-container-content-32e3a40d\"><p class=\"wp-block-post-excerpt__excerpt\">Prep\u00e1rate para una jornada intensa de escaramuzas en el universo&hellip; <\/p><\/div>\n\n\n<div style=\"height:0px\" aria-hidden=\"true\" class=\"wp-block-spacer wp-container-content-32e3a40d\"><\/div>\n<\/div>\n\n<\/li><li class=\"wp-block-post post-418 post type-post status-publish format-standard has-post-thumbnail hentry category-uncategorized\">\n<figure style=\"aspect-ratio:16\/9; padding-bottom:var(--wp--preset--spacing--20);margin-bottom:0;\" class=\"wp-block-post-featured-image\"><a href=\"https:\/\/hobbyminiatures.com\/index.php\/2026\/03\/27\/torneo-warhammer-40k-road-to-mollerusa-2026\/\" target=\"_self\"  ><img loading=\"lazy\" decoding=\"async\" width=\"2048\" height=\"1365\" src=\"https:\/\/hobbyminiatures.com\/wp\/wp-content\/uploads\/2026\/03\/logo_torneo_mollerusa.png\" class=\"attachment-post-thumbnail size-post-thumbnail wp-post-image\" alt=\"Torneo Warhammer 40K \u2013 Road to Mollerusa 2026\" style=\"width:100%;height:100%;object-fit:cover;\" srcset=\"https:\/\/hobbyminiatures.com\/wp\/wp-content\/uploads\/2026\/03\/logo_torneo_mollerusa.png 2048w, https:\/\/hobbyminiatures.com\/wp\/wp-content\/uploads\/2026\/03\/logo_torneo_mollerusa-300x200.png 300w, https:\/\/hobbyminiatures.com\/wp\/wp-content\/uploads\/2026\/03\/logo_torneo_mollerusa-1024x683.png 1024w, https:\/\/hobbyminiatures.com\/wp\/wp-content\/uploads\/2026\/03\/logo_torneo_mollerusa-768x512.png 768w, https:\/\/hobbyminiatures.com\/wp\/wp-content\/uploads\/2026\/03\/logo_torneo_mollerusa-1536x1024.png 1536w\" sizes=\"auto, (max-width: 2048px) 100vw, 2048px\" \/><\/a><\/figure>\n\n\n<div class=\"wp-block-group is-vertical is-nowrap is-layout-flex wp-container-core-group-is-layout-97ba36a5 wp-block-group-is-layout-flex\" style=\"margin-top:var(--wp--preset--spacing--20);padding-top:0\"><h2 class=\"wp-block-post-title has-large-font-size wp-container-content-32e3a40d\"><a href=\"https:\/\/hobbyminiatures.com\/index.php\/2026\/03\/27\/torneo-warhammer-40k-road-to-mollerusa-2026\/\" target=\"_self\" >Torneo Warhammer 40K \u2013 Road to Mollerusa 2026<\/a><\/h2>\n\n<div class=\"wp-block-template-part\">\n\n<div class=\"wp-block-group has-global-padding is-layout-constrained wp-block-group-is-layout-constrained\">\n\t\n\t<div class=\"wp-block-group is-content-justification-left is-layout-flex wp-container-core-group-is-layout-dfe8e91f wp-block-group-is-layout-flex\">\n\t\t<div class=\"wp-block-post-date\"><time datetime=\"2026-03-27T11:19:14+01:00\"><a href=\"https:\/\/hobbyminiatures.com\/index.php\/2026\/03\/27\/torneo-warhammer-40k-road-to-mollerusa-2026\/\">Mar 27, 2026<\/a><\/time><\/div>\n\n\t\t\n\t\t<p class=\"has-contrast-2-color has-text-color\">\u2014<\/p>\n\t\t\n\n\t\t\n\t\t<p class=\"has-small-font-size has-contrast-2-color has-text-color\">por<\/p>\n\t\t\n\n\t\t<div class=\"wp-block-post-author-name\"><a href=\"https:\/\/hobbyminiatures.com\/index.php\/author\/angelaq\/\" target=\"_self\" class=\"wp-block-post-author-name__link\">AngelAQ<\/a><\/div>\n\n\t\t<div class=\"taxonomy-category wp-block-post-terms\"><span class=\"wp-block-post-terms__prefix\">en <\/span><a href=\"https:\/\/hobbyminiatures.com\/index.php\/category\/uncategorized\/\" rel=\"tag\">Uncategorized<\/a><\/div>\n\n\t<\/div>\n\t\n<\/div>\n\n\n<\/div>\n\n<div class=\"wp-block-post-excerpt has-text-color has-contrast-2-color has-small-font-size wp-container-content-32e3a40d\"><p class=\"wp-block-post-excerpt__excerpt\">Preparaci\u00f3n competitiva, ritmo \u00e1gil y enfoque en misiones El pr\u00f3ximo&hellip; <\/p><\/div>\n\n\n<div style=\"height:0px\" aria-hidden=\"true\" class=\"wp-block-spacer wp-container-content-32e3a40d\"><\/div>\n<\/div>\n\n<\/li><\/ul>\n\n\n<div style=\"margin-top:0;margin-bottom:0;height:var(--wp--preset--spacing--40)\" aria-hidden=\"true\" class=\"wp-block-spacer\"><\/div>\n\n\n<nav class=\"wp-block-query-pagination is-content-justification-space-between is-layout-flex wp-container-core-query-pagination-is-layout-b2891da8 wp-block-query-pagination-is-layout-flex\" aria-label=\"Paginaci\u00f3n\">\n\n\n<a href=\"\/index.php\/wp-json\/wp\/v2\/pages\/17?query-51-page=2\" class=\"wp-block-query-pagination-next\">P\u00e1gina siguiente<span class='wp-block-query-pagination-next-arrow is-arrow-arrow' aria-hidden='true'>\u2192<\/span><\/a>\n<\/nav><\/div>\n<\/div>\n\n\n\n<p><\/p>\n","protected":false},"excerpt":{"rendered":"<p>Hobby Miniatures Tienda, juego y comunidad en Reus \ud83d\udd0eExplora nuestra web \ud83d\uded2 Tienda Miniaturas, pinturas, maquetas y juegos de tablero \ud83c\udfa8 Pintura de Miniaturas Mesas de pintura y comunidadpara mejorar tu hobby. \ud83d\udda8\ufe0f Impresi\u00f3n 3D Servicio de impresi\u00f3n \ud83c\udfb2 Jugar Reserva y juega a tus juegos favoritos<\/p>\n","protected":false},"author":1,"featured_media":0,"parent":0,"menu_order":0,"comment_status":"closed","ping_status":"closed","template":"page-no-title","meta":{"footnotes":""},"class_list":["post-17","page","type-page","status-publish","hentry"],"_links":{"self":[{"href":"https:\/\/hobbyminiatures.com\/index.php\/wp-json\/wp\/v2\/pages\/17","targetHints":{"allow":["GET"]}}],"collection":[{"href":"https:\/\/hobbyminiatures.com\/index.php\/wp-json\/wp\/v2\/pages"}],"about":[{"href":"https:\/\/hobbyminiatures.com\/index.php\/wp-json\/wp\/v2\/types\/page"}],"author":[{"embeddable":true,"href":"https:\/\/hobbyminiatures.com\/index.php\/wp-json\/wp\/v2\/users\/1"}],"replies":[{"embeddable":true,"href":"https:\/\/hobbyminiatures.com\/index.php\/wp-json\/wp\/v2\/comments?post=17"}],"version-history":[{"count":83,"href":"https:\/\/hobbyminiatures.com\/index.php\/wp-json\/wp\/v2\/pages\/17\/revisions"}],"predecessor-version":[{"id":354,"href":"https:\/\/hobbyminiatures.com\/index.php\/wp-json\/wp\/v2\/pages\/17\/revisions\/354"}],"wp:attachment":[{"href":"https:\/\/hobbyminiatures.com\/index.php\/wp-json\/wp\/v2\/media?parent=17"}],"curies":[{"name":"wp","href":"https:\/\/api.w.org\/{rel}","templated":true}]}}